 5) + -1. Let g = -6 - q. Let t = g - -3. What are the prime factors of t?
2
Let d = -131 - -276. List the prime factors of d.
5, 29
Let i be 5/((-10)/4) - -1. Let o be (53 - 2 - i) + 2. Suppose 41 = 4*y + g, -5*y = 3*g - o - 6. List the prime factors of y.
3
Suppose -80 = 2*q + 4. Let t = -19 - q. What are the prime factors of t?
23
Let z(p) = -p**3 + 2*p - p**2 - 4*p**2 + p - 1. Let g be z(-6). Suppose 2*v + 4 = 4*f, -v - g = -2*f - 3*f. What are the prime factors of v?
2
Suppose -3*f + 5*k = -2*f, 0 = 2*f - 3*k - 7. Suppose -5*r = f*d - 85, r = -d + 3*r + 2. What are the prime factors of d?
2, 3
Let o be 2/(-8) - (-34)/8. Let p = 4 + -2. Suppose -2*s + 4*s = -2*x + 22, 0 = o*s + p*x - 42. What are the prime factors of s?
2, 5
Suppose -3*u + 25 = 4*t, -18 = -3*t - 3*u + u. Let i(r) = -4 + 3*r**2 - 5*r + 0*r**3 - 3*r**2 + 6*r**2 - r**3. List the prime factors of i(t).
2
Suppose s - 4*s = -30. What are the prime factors of s?
2, 5
Let h = 1 + 0. Suppose -3*n + u - 4 - h = 0, 3 = n + 2*u. List the prime factors of n*(2/(-2) - 2).
3
What are the prime factors of ((-6)/(-3))/(2/37)?
37
Let x(w) = w + 3. What are the prime factors of x(12)?
3, 5
Suppose -4*a = -57 - 35. What are the prime factors of a?
23
Suppose -5*b + 22 = 302. Let t = b + 103. What are the prime factors of t?
47
What are the prime factors of (-169)/2*16/(-8)?
13
Suppose 2*f - 39 - 51 = 0. List the prime factors of f.
3, 5
Let a(c) = -3 + 2*c**2 - 2*c**2 + c**2 - 3*c. Suppose -3*z - 10 = -2*v - 3*v, v = 5*z - 20. What are the prime factors of a(z)?
7
Let u be 2 + (1/(-1))/(-1). Let z = -3 + u. List the prime factors of (4 - (2 - 0)) + z.
2
Let c(b) = -6 + 2 + b**2 + 2*b + 4*b. Let n be c(-8). What are the prime factors of (-18)/n*(-4)/3?
2
Suppose -5*j - 3 = -2*v, v = -4*j + j - 4. Let z(y) = -4*y**3 + y + 1. Let o be z(-1). Let g = o + v. What are the prime factors of g?
3
Suppose -6 = -3*c, -1 + 0 = n - 2*c. Suppose 2*f - 108 - 10 = -5*u, n*u + 2*f = 70. Suppose -4*b + u = -16. What are the prime factors of b?
2, 5
List the prime factors of (4/1)/((-6)/(-93)).
2, 31
Let g(c) = 5*c. Let y be g(-2). Let q be (-14)/y - (-10)/(-25). Suppose q = -5*p + 11. List the prime factors of p.
2
Let t(h) = -h - 5. Let y be t(-8). Let f be (y + -5)*3/(-2). Let m(k) = -k**3 + 3*k**2 + 4*k - 2. List the prime factors of m(f).
2, 5
Let n(s) = -2*s + 2. Let d be n(2). Let z be 0 + (d + 2)/(-2). Suppose -5*o + 45 = -z*o. List the prime factors of o.
3
Let v(m) = -m**3 + 8*m**2 + m + 8. Let w be (16/5)/((-6)/(-15)). List the prime factors of v(w).
2
Let c(s) be the third derivative of s**5/20 - s**4/24 - s**3/6 + 12*s**2. Suppose -4 = 5*u - u. What are the prime factors of c(u)?
3
Let o be 2/(3 - 0 - 1). Let u = 1 + o. List the prime factors of (60/(-8))/((-1)/u).
3, 5
Let u be (-2)/((-3)/6*2). Suppose -u = -3*y + 13. List the prime factors of y.
5
Let z(x) = 2*x + 70. List the prime factors of z(0).
2, 5, 7
Let v = -1 - -1. Let p(i) = -i**3 - 10*i**2 - 4*i + 10. Let h be p(-10). Suppose -5*l = -v*l - h. What are the prime factors of l?
2, 5
Suppose -13 = -3*j + 2. Let g(n) = -n + 9. Let t be g(j). Suppose -t*l = -2*w - 20, -5*w - 7 = -2*l + 3. List the prime factors of l.
5
Let t(q) = 10*q + 243. What are the prime factors of t(0)?
3
Let j be 2/8 - (-114)/24. Let f = j + -10. What are the prime factors of -1*(f + 3 + -15)?
17
Suppose -5*m = -u + 15, -m - 25 = -2*u + 4*m. List the prime factors of ((-5)/u)/(2/(-40)).
2, 5
Let p(q) = q**3 - 6*q**2 + 1. Let g be p(6). Let w = 34 - g. What are the prime factors of w?
3, 11
Suppose 11*t - 16*t = -30. What are the prime factors of t?
2, 3
Let m(p) = -22*p + 2. Let c be m(2). Let q = c - -75. List the prime factors of (6/(-18))/((-1)/q).
11
Suppose -4*v + 7*v - 9 = 0. Suppose 2*f + 1 = -2*b + 11, b = v*f - 7. What are the prime factors of b?
2
Suppose -a - 4 = -3*g, 3*a + 9 = a + 5*g. Let q(v) = v**2 + 6*v + 5. What are the prime factors of q(a)?
2, 3
Let f = -6 - -9. Suppose k = t + 5*k - 7, f = -k. List the prime factors of t.
19
Let v = 8 + -6. Suppose -p + v*p = -2*o + 69, -p = -4*o + 135. List the prime factors of o.
2, 17
List the prime factors of ((-18)/54 - 2/3)*-251.
251
Let f(s) = -2*s**2 + s + 1. Let y(p) = p + 10. Let r be y(-8). Let c be f(r). Let m(v) = -v**3 - 6*v**2 - 5*v + 3. List the prime factors of m(c).
3
Let b = -73 + 100. What are the prime factors of b?
3
Let p = -13 - -21. Let f = p + -6. List the prime factors of f.
2
List the prime factors of (-3)/2*(-1520)/24.
5, 19
Suppose -8 = -5*q + 2. Suppose 5*y = 4*o + 42, y + 0*y = q*o + 18. Let u(g) = -g. List the prime factors of u(o).
2
Suppose -3*b - 8 = -41. Suppose 0 = k + 2*k - 15. Suppose -p - 1 = -k*h + 34, -h + b = -p. List the prime factors of h.
2, 3
Suppose -3*c + 7*c = 2*a + 28, 2*a - 26 = -2*c. Let b(l) = l - 6. Let i be b(c). Suppose i*q - 2*q + 5 = 0, -4*q - 44 = -4*w. List the prime factors of w.
2, 3
What are the prime factors of 1385/180*4 - 2/(-9)?
31
Let c = -29 - -145. What are the prime factors of c?
2, 29
Let u = 4 + -9. Let a be (-8)/u*(-15)/(-6). Suppose -5*b = -a*b - 9. List the prime factors of b.
3
Let b(i) = 38*i**2 + i + 1. List the prime factors of b(-1).
2, 19
Suppose 5*d - 3*k - 935 = 0, 935 = 5*d + 2*k - 6*k. What are the prime factors of d?
11, 17
Let q(g) = 1 + 2*g + 2*g**2 - g**2 - 8 - 2. List the prime factors of q(-6).
3, 5
Suppose 3 + 1 = m. Suppose 2*q + 0*u + u = 33, -3*u = m*q - 67. List the prime factors of q.
2
Suppose 3*g + 0*g = 0, 3*n - 4*g - 24 = 0. Let w = 7 + n. List the prime factors of w.
3, 5
Let k(t) = -t**3 - 7*t**2 - 8*t - 1. Let m(y) = 2*y + 4. Let q be m(-5). List the prime factors of k(q).
11
Let x(b) = -b**3 + 8*b**2 + 2*b + 2. What are the prime factors of x(8)?
2, 3
Let n be 5/3*2*3. Suppose -n = -5*g, 2*h = 5*h + 5*g - 16. Let y = h + 1. What are the prime factors of y?
3
Let g(c) = 21*c**2 - c. Let z be g(1). Suppose 4*h - 68 = -z. What are the prime factors of h?
2, 3
List the prime factors of (-138)/(((-2)/(-5))/((-3)/15)).
3, 23
Suppose 2*z + 0*z = 26. Suppose -4*w + 3*o + 29 + z = 0, -w + 2*o + 8 = 0. List the prime factors of w.
2, 3
Suppose 8*x - 3*x = 0. Let v be (x - 1)/(1/3). What are the prime factors of v/(-15) + 39/5?
2
Let y(r) = r**3 + 6*r**2 - 4*r - 5. What are the prime factors of y(-6)?
19
Let m be (-6)/2 + -1 + 0. Let k(v) = -9*v + 3. What are the prime factors of k(m)?
3, 13
Suppose 0 = 4*f + 5*d - 13, 0*d + 3*d - 1 = f. Let g be 8 + f + 1 + -2. Suppose 0 = -4*m + 7 + g. List the prime factors of m.
2
List the prime factors of 25/2 - 6/4.
11
Let p(z) = 9*z - 11. Let x be p(8). Let r = -38 + 54. Suppose -5*a + x = r. What are the prime factors of a?
3
Suppose -4*s + 2*s - 1186 = -4*j, 608 = 2*j + 2*s. What are the prime factors of j?
13, 23
Let n = 2 + 13. What are the prime factors of n?
3, 5
Let d(j) = 3*j**2 - j - 1. Let f be d(1). Let r(o) = 18*o**2 - 10 + 10. What are the prime factors of r(f)?
2, 3
Let z be (-1 + 2)/(3/15). Suppose -4*r = z*v - 77, r - v - 2*v = -2. Suppose -5*q + r = -12. What are the prime factors of q?
5
Let t = -3 + 3. What are the prime factors of 1 + 0 - (-13 + t)?
2, 7
Suppose -c + 6 = 3*m + 4*c, -5*c + 21 = -2*m. Let u = -1 - m. What are the prime factors of u?
2
Suppose 76 = -3*i + 241. List the prime factors of i.
5, 11
Let v = 7 - 0. Suppose j + 3*n = 20, j + v + 5 = 5*n. List the prime factors of j.
2
Let v(c) be the third derivative of -c**4/24 - 2*c**2. What are the prime factors of v(-11)?
11
Suppose -r + 5 + 4 = 0. Let z = r - 7. What are the prime factors of z?
2
Let h(k) be the second derivative of -k**3/6 - 2*k. Let r be h(-2). Suppose -r = -a - 0. What are the prime factors of a?
2
Let y be (-6256)/36 + (-4)/18. What are the prime factors of 12/(-30) + y/(-10)?
17
Let t(o) = -o - 1. Suppose -8 = 3*s + 7. What are the prime factors of t(s)?
2
Suppose -4*v = -3*v - 2*b - 13, 0 = -4*b - 20. Suppose -17 = v*c - 152. Let h = c + -27. List the prime factors of h.
2, 3
Suppose 4*f - g = 1121, 5 - 6 = g. List the prime factors of f.
2, 5, 7
Let a(w) be the third derivative of 0 - 7/6*w**3 - 1/60*w**5 - 7/24*w**4 + 2*w**2 + 0*w. What are the prime factors of a(-5)?
3
What are the prime factors of -2*(10/65 + (-3561)/78)?
7, 13
Let p = -235 - -401. What are the pri